{"id":7313,"date":"2025-03-10T13:43:17","date_gmt":"2025-03-10T13:43:17","guid":{"rendered":"https:\/\/finovate.vamtam.com\/?page_id=7313"},"modified":"2026-03-28T13:41:47","modified_gmt":"2026-03-28T13:41:47","slug":"hizmetlerimiz","status":"publish","type":"page","link":"https:\/\/www.karlidagmusavirlik.com\/index.php\/hizmetlerimiz\/","title":{"rendered":"Hizmetlerimiz"},"content":{"rendered":"\t\t<div data-elementor-type=\"wp-page\" data-elementor-id=\"7313\" class=\"elementor elementor-7313\" data-elementor-post-type=\"page\">\n\t\t\t\t<div class=\"elementor-element elementor-element-96cf606 e-flex e-con-boxed e-con e-parent\" data-id=\"96cf606\" data-element_type=\"container\" data-e-type=\"container\">\n\t\t\t\t\t<div class=\"e-con-inner\">\n\t\t\t\t<div class=\"elementor-element elementor-element-db834c4 elementor-widget-divider--view-line elementor-widget elementor-widget-divider\" data-id=\"db834c4\" data-element_type=\"widget\" data-e-type=\"widget\" data-widget_type=\"divider.default\">\n\t\t\t\t<div class=\"elementor-widget-container\">\n\t\t\t\t\t\t\t<div class=\"elementor-divider\">\n\t\t\t<span class=\"elementor-divider-separator\">\n\t\t\t\t\t\t<\/span>\n\t\t<\/div>\n\t\t\t\t\t\t<\/div>\n\t\t\t\t<\/div>\n\t\t\t\t<div class=\"elementor-element elementor-element-05d66d8 elementor-widget elementor-widget-heading\" data-id=\"05d66d8\" data-element_type=\"widget\" data-e-type=\"widget\" data-widget_type=\"heading.default\">\n\t\t\t\t<div class=\"elementor-widget-container\">\n\t\t\t\t\t<h5 class=\"elementor-heading-title elementor-size-default\">Karl\u0131da\u011f M\u00fc\u015favirlik<\/h5>\t\t\t\t<\/div>\n\t\t\t\t<\/div>\n\t\t\t\t<div class=\"vamtam-has-theme-widget-styles elementor-element elementor-element-4533b49 elementor-widget elementor-widget-text-editor\" data-id=\"4533b49\" data-element_type=\"widget\" data-e-type=\"widget\" data-widget_type=\"text-editor.default\">\n\t\t\t\t<div class=\"elementor-widget-container\">\n\t\t\t\t\t\t\t\t\t<p>SMMM \u00d6zlem Karl\u0131da\u011f olarak, i\u015fletmelerin finansal s\u00fcre\u00e7lerini b\u00fct\u00fcnsel bir yakla\u015f\u0131mla ele alarak muhasebe ve mali dan\u0131\u015fmanl\u0131k alan\u0131nda g\u00fcvenilir bir i\u015f orta\u011f\u0131 olmay\u0131 hedefliyoruz. Hizmetlerimizi, g\u00fcncel mevzuat d\u00fczenlemeleri, mesleki etik kurallar ve kalite standartlar\u0131 \u00e7er\u00e7evesinde titizlikle y\u00fcr\u00fct\u00fcyoruz.<\/p><p>Yerli ve yabanc\u0131 \u015firketlerin muhasebe kay\u0131tlar\u0131n\u0131n T\u00fcrk Vergi Mevzuat\u0131 ve Tek D\u00fczen Hesap Plan\u0131\u2019na uygun olarak tutulmas\u0131n\u0131 sa\u011fl\u0131yor; al\u0131\u015f, sat\u0131\u015f ve gider faturalar\u0131, banka, kasa, \u00e7ek ve cari hesap hareketlerinin d\u00fczenli \u015fekilde sisteme i\u015flenmesini ger\u00e7ekle\u015ftiriyoruz. Sekt\u00f6rel ihtiya\u00e7lara uygun muhasebe altyap\u0131s\u0131n\u0131n kurulmas\u0131, hata ve eksikliklerin tespiti, mutabakat s\u00fcre\u00e7lerinin y\u00f6netilmesi ve finansal kay\u0131tlar\u0131n kontrol\u00fc hizmetlerimiz aras\u0131nda yer almaktad\u0131r.<\/p><p>Vergi beyannamelerinin haz\u0131rlanmas\u0131, tahakkuk ve \u00f6deme s\u00fcre\u00e7lerinin takibi, SGK ve bordrolama i\u015flemleri ile \u015firketlerin yasal y\u00fck\u00fcml\u00fcl\u00fcklerini eksiksiz ve zaman\u0131nda yerine getirmelerine katk\u0131da bulunuyoruz. Bunun yan\u0131 s\u0131ra \u015firket kurulu\u015f, yap\u0131land\u0131rma, sermaye i\u015flemleri ve tasfiye s\u00fcre\u00e7lerinde de profesyonel dan\u0131\u015fmanl\u0131k hizmeti sunuyoruz.<\/p><p>Gayrimenkul ve menkul sermaye gelirlerinin vergilendirilmesi, ticari kazan\u00e7 ve kurum kazan\u00e7lar\u0131n\u0131n de\u011ferlendirilmesi gibi uzmanl\u0131k gerektiren alanlarda da dan\u0131\u015fmanl\u0131k sa\u011flayarak, m\u00fc\u015fterilerimizin vergi avantajlar\u0131n\u0131 do\u011fru \u015fekilde kullanmalar\u0131na yard\u0131mc\u0131 oluyoruz.<\/p><p>Amac\u0131m\u0131z, i\u015fletmelerin verimlili\u011fini art\u0131ran ve uzun vadeli ba\u015far\u0131lar\u0131na katk\u0131 sa\u011flayan g\u00fc\u00e7l\u00fc bir mali dan\u0131\u015fmanl\u0131k hizmeti sunmakt\u0131r.<\/p>\t\t\t\t\t\t\t\t<\/div>\n\t\t\t\t<\/div>\n\t\t\t\t<div class=\"elementor-element elementor-element-8e42a6c elementor-widget-divider--view-line elementor-widget elementor-widget-divider\" data-id=\"8e42a6c\" data-element_type=\"widget\" data-e-type=\"widget\" data-widget_type=\"divider.default\">\n\t\t\t\t<div class=\"elementor-widget-container\">\n\t\t\t\t\t\t\t<div class=\"elementor-divider\">\n\t\t\t<span class=\"elementor-divider-separator\">\n\t\t\t\t\t\t<\/span>\n\t\t<\/div>\n\t\t\t\t\t\t<\/div>\n\t\t\t\t<\/div>\n\t\t\t\t\t<\/div>\n\t\t\t\t<\/div>\n\t\t\t\t<\/div>\n\t\t","protected":false},"excerpt":{"rendered":"<p>Finovate, a leading independent Wealth Management firm, is seeking a Financial Advisor to help formulate and implement comprehensive investment and financial planning advice, manage existing client relationships, and participate in new business development strategies.<\/p>\n","protected":false},"author":1,"featured_media":0,"parent":0,"menu_order":0,"comment_status":"closed","ping_status":"closed","template":"","meta":{"_acf_changed":false,"footnotes":""},"class_list":["post-7313","page","type-page","status-publish","hentry"],"acf":[],"_links":{"self":[{"href":"https:\/\/www.karlidagmusavirlik.com\/index.php\/wp-json\/wp\/v2\/pages\/7313","targetHints":{"allow":["GET"]}}],"collection":[{"href":"https:\/\/www.karlidagmusavirlik.com\/index.php\/wp-json\/wp\/v2\/pages"}],"about":[{"href":"https:\/\/www.karlidagmusavirlik.com\/index.php\/wp-json\/wp\/v2\/types\/page"}],"author":[{"embeddable":true,"href":"https:\/\/www.karlidagmusavirlik.com\/index.php\/wp-json\/wp\/v2\/users\/1"}],"replies":[{"embeddable":true,"href":"https:\/\/www.karlidagmusavirlik.com\/index.php\/wp-json\/wp\/v2\/comments?post=7313"}],"version-history":[{"count":4,"href":"https:\/\/www.karlidagmusavirlik.com\/index.php\/wp-json\/wp\/v2\/pages\/7313\/revisions"}],"predecessor-version":[{"id":987745,"href":"https:\/\/www.karlidagmusavirlik.com\/index.php\/wp-json\/wp\/v2\/pages\/7313\/revisions\/987745"}],"wp:attachment":[{"href":"https:\/\/www.karlidagmusavirlik.com\/index.php\/wp-json\/wp\/v2\/media?parent=7313"}],"curies":[{"name":"wp","href":"https:\/\/api.w.org\/{rel}","templated":true}]}}